[INFO] fetching crate crnlib 0.1.1...
[INFO] checking crnlib-0.1.1 against master#e6e4f7ed1589e03bc2f6c5931c1a72e7947e8682 for beta-170-4
[INFO] extracting crate crnlib 0.1.1 into /workspace/builds/worker-5-tc2/source
[INFO] validating manifest of crates.io crate crnlib 0.1.1 on toolchain e6e4f7ed1589e03bc2f6c5931c1a72e7947e8682
[INFO] running `Command { std: CARGO_HOME="/workspace/cargo-home" RUSTUP_HOME="/workspace/rustup-home" "/workspace/cargo-home/bin/cargo" "+e6e4f7ed1589e03bc2f6c5931c1a72e7947e8682" "metadata" "--manifest-path" "Cargo.toml" "--no-deps", kill_on_drop: false }`
[INFO] started tweaking crates.io crate crnlib 0.1.1
[INFO] finished tweaking crates.io crate crnlib 0.1.1
[INFO] tweaked toml for crates.io crate crnlib 0.1.1 written to /workspace/builds/worker-5-tc2/source/Cargo.toml
[INFO] running `Command { std: CARGO_HOME="/workspace/cargo-home" RUSTUP_HOME="/workspace/rustup-home" __CARGO_TEST_CHANNEL_OVERRIDE_DO_NOT_USE_THIS="nightly" "/workspace/cargo-home/bin/cargo" "+e6e4f7ed1589e03bc2f6c5931c1a72e7947e8682" "generate-lockfile" "--manifest-path" "Cargo.toml" "-Zno-index-update", kill_on_drop: false }`
[INFO] running `Command { std: CARGO_HOME="/workspace/cargo-home" RUSTUP_HOME="/workspace/rustup-home" "/workspace/cargo-home/bin/cargo" "+e6e4f7ed1589e03bc2f6c5931c1a72e7947e8682" "fetch" "--manifest-path" "Cargo.toml", kill_on_drop: false }`
[INFO] running `Command { std: "docker" "create" "-v" "/var/lib/crater-agent-workspace/builds/worker-5-tc2/target:/opt/rustwide/target:rw,Z" "-v" "/var/lib/crater-agent-workspace/builds/worker-5-tc2/source:/opt/rustwide/workdir:ro,Z" "-v" "/var/lib/crater-agent-workspace/cargo-home:/opt/rustwide/cargo-home:ro,Z" "-v" "/var/lib/crater-agent-workspace/rustup-home:/opt/rustwide/rustup-home:ro,Z" "-e" "SOURCE_DIR=/opt/rustwide/workdir" "-e" "CARGO_TARGET_DIR=/opt/rustwide/target" "-e" "CARGO_HOME=/opt/rustwide/cargo-home" "-e" "RUSTUP_HOME=/opt/rustwide/rustup-home" "-w" "/opt/rustwide/workdir" "-m" "1610612736" "--user" "0:0" "--network" "none" "ghcr.io/rust-lang/crates-build-env/linux@sha256:19e73879b68f455e41552ea35293514db52ea292d993f571636dbffedb77a1ee" "/opt/rustwide/cargo-home/bin/cargo" "+e6e4f7ed1589e03bc2f6c5931c1a72e7947e8682" "metadata" "--no-deps" "--format-version=1", kill_on_drop: false }`
[INFO] [stdout] cbef255077fb2cb6731cb1e0b69bc6c74b2fa0386f717fdf359a2de684c513ff
[INFO] running `Command { std: "docker" "start" "-a" "cbef255077fb2cb6731cb1e0b69bc6c74b2fa0386f717fdf359a2de684c513ff", kill_on_drop: false }`
[INFO] running `Command { std: "docker" "inspect" "cbef255077fb2cb6731cb1e0b69bc6c74b2fa0386f717fdf359a2de684c513ff", kill_on_drop: false }`
[INFO] running `Command { std: "docker" "rm" "-f" "cbef255077fb2cb6731cb1e0b69bc6c74b2fa0386f717fdf359a2de684c513ff", kill_on_drop: false }`
[INFO] [stdout] cbef255077fb2cb6731cb1e0b69bc6c74b2fa0386f717fdf359a2de684c513ff
[INFO] running `Command { std: "docker" "create" "-v" "/var/lib/crater-agent-workspace/builds/worker-5-tc2/target:/opt/rustwide/target:rw,Z" "-v" "/var/lib/crater-agent-workspace/builds/worker-5-tc2/source:/opt/rustwide/workdir:ro,Z" "-v" "/var/lib/crater-agent-workspace/cargo-home:/opt/rustwide/cargo-home:ro,Z" "-v" "/var/lib/crater-agent-workspace/rustup-home:/opt/rustwide/rustup-home:ro,Z" "-e" "SOURCE_DIR=/opt/rustwide/workdir" "-e" "CARGO_TARGET_DIR=/opt/rustwide/target" "-e" "CARGO_INCREMENTAL=0" "-e" "RUST_BACKTRACE=full" "-e" "RUSTFLAGS=--cap-lints=forbid" "-e" "RUSTDOCFLAGS=--cap-lints=forbid" "-e" "CARGO_HOME=/opt/rustwide/cargo-home" "-e" "RUSTUP_HOME=/opt/rustwide/rustup-home" "-w" "/opt/rustwide/workdir" "-m" "1610612736" "--user" "0:0" "--network" "none" "ghcr.io/rust-lang/crates-build-env/linux@sha256:19e73879b68f455e41552ea35293514db52ea292d993f571636dbffedb77a1ee" "/opt/rustwide/cargo-home/bin/cargo" "+e6e4f7ed1589e03bc2f6c5931c1a72e7947e8682" "check" "--frozen" "--all" "--all-targets" "--message-format=json", kill_on_drop: false }`
[INFO] [stdout] 3ad13398f9b19a49ccabaabc5af6d9c56c3d8f50915ca767029baee25e9456ad
[INFO] running `Command { std: "docker" "start" "-a" "3ad13398f9b19a49ccabaabc5af6d9c56c3d8f50915ca767029baee25e9456ad", kill_on_drop: false }`
[INFO] [stderr]     Checking simd-adler32 v0.3.5
[INFO] [stderr]     Checking adler v1.0.2
[INFO] [stderr]    Compiling crc32fast v1.3.2
[INFO] [stderr]     Checking either v1.8.1
[INFO] [stderr]    Compiling num-traits v0.2.15
[INFO] [stderr]    Compiling futures-core v0.3.28
[INFO] [stderr]    Compiling num-integer v0.1.45
[INFO] [stderr]    Compiling num-rational v0.4.1
[INFO] [stderr]     Checking futures-sink v0.3.28
[INFO] [stderr]     Checking getrandom v0.2.9
[INFO] [stderr]     Checking spin v0.9.8
[INFO] [stderr]     Checking weezl v0.1.7
[INFO] [stderr]    Compiling syn v2.0.18
[INFO] [stderr]     Checking lebe v0.5.2
[INFO] [stderr]     Checking half v2.2.1
[INFO] [stderr]     Checking radium v0.3.0
[INFO] [stderr]     Checking bit_field v0.10.2
[INFO] [stderr]     Checking miniz_oxide v0.6.2
[INFO] [stderr]     Checking miniz_oxide v0.7.1
[INFO] [stderr]     Checking rayon v1.7.0
[INFO] [stderr]     Checking nanorand v0.7.0
[INFO] [stderr]     Checking zune-inflate v0.2.54
[INFO] [stderr]     Checking fdeflate v0.3.0
[INFO] [stderr]     Checking bytemuck v1.13.1
[INFO] [stderr]     Checking smallvec v1.10.0
[INFO] [stderr]     Checking bitvec v0.17.4
[INFO] [stderr]     Checking gif v0.12.0
[INFO] [stderr]     Checking qoi v0.4.1
[INFO] [stderr]     Checking flate2 v1.0.26
[INFO] [stderr]     Checking png v0.17.8
[INFO] [stderr]     Checking jpeg-decoder v0.3.0
[INFO] [stderr]     Checking tiff v0.8.1
[INFO] [stderr]    Compiling pin-project-internal v1.1.0
[INFO] [stderr]    Compiling serde_derive v1.0.163
[INFO] [stderr]    Compiling serde_repr v0.1.12
[INFO] [stderr]     Checking pin-project v1.1.0
[INFO] [stderr]     Checking flume v0.10.14
[INFO] [stderr]     Checking exr v1.6.3
[INFO] [stderr]     Checking serde v1.0.163
[INFO] [stderr]     Checking image v0.24.6
[INFO] [stderr]     Checking bincode v1.3.3
[INFO] [stderr]     Checking crnlib v0.1.1 (/opt/rustwide/workdir)
[INFO] [stdout] error[E0433]: failed to resolve: could not find `dxt` in `image`
[INFO] [stdout]    --> src/lib.rs:378:28
[INFO] [stdout]     |
[INFO] [stdout] 378 |     Format::Dxt1 => image::dxt::DXTVariant::DXT1,
[INFO] [stdout]     |                            ^^^ could not find `dxt` in `image`
[INFO] [stdout] 
[INFO] [stdout] 
[INFO] [stdout] error[E0433]: failed to resolve: could not find `dxt` in `image`
[INFO] [stdout]    --> src/lib.rs:379:28
[INFO] [stdout]     |
[INFO] [stdout] 379 |     Format::Dxt3 => image::dxt::DXTVariant::DXT3,
[INFO] [stdout]     |                            ^^^ could not find `dxt` in `image`
[INFO] [stdout] 
[INFO] [stdout] 
[INFO] [stdout] error[E0433]: failed to resolve: could not find `dxt` in `image`
[INFO] [stdout]    --> src/lib.rs:380:28
[INFO] [stdout]     |
[INFO] [stdout] 380 |     Format::Dxt5 => image::dxt::DXTVariant::DXT5,
[INFO] [stdout]     |                            ^^^ could not find `dxt` in `image`
[INFO] [stdout] 
[INFO] [stdout] 
[INFO] [stdout] error[E0433]: failed to resolve: could not find `dxt` in `image`
[INFO] [stdout]    --> src/lib.rs:383:24
[INFO] [stdout]     |
[INFO] [stdout] 383 |   let decoder = image::dxt::DxtDecoder::new(std::io::Cursor::new(&level0), width0 as u32, height0 as u32, variant).expect("new image");
[INFO] [stdout]     |                        ^^^ could not find `dxt` in `image`
[INFO] [stdout]     |
[INFO] [stdout] help: consider importing this struct
[INFO] [stdout]     |
[INFO] [stdout] 4   + use image::codecs::dxt::DxtDecoder;
[INFO] [stdout]     |
[INFO] [stdout] help: if you import `DxtDecoder`, refer to it directly
[INFO] [stdout]     |
[INFO] [stdout] 383 -   let decoder = image::dxt::DxtDecoder::new(std::io::Cursor::new(&level0), width0 as u32, height0 as u32, variant).expect("new image");
[INFO] [stdout] 383 +   let decoder = DxtDecoder::new(std::io::Cursor::new(&level0), width0 as u32, height0 as u32, variant).expect("new image");
[INFO] [stdout]     |
[INFO] [stdout] 
[INFO] [stdout] 
[INFO] [stdout] error[E0433]: failed to resolve: could not find `tga` in `image`
[INFO] [stdout]    --> src/lib.rs:388:24
[INFO] [stdout]     |
[INFO] [stdout] 388 |   let encoder = image::tga::TgaEncoder::new(f);
[INFO] [stdout]     |                        ^^^ could not find `tga` in `image`
[INFO] [stdout]     |
[INFO] [stdout] help: consider importing this struct
[INFO] [stdout]     |
[INFO] [stdout] 4   + use image::codecs::tga::TgaEncoder;
[INFO] [stdout]     |
[INFO] [stdout] help: if you import `TgaEncoder`, refer to it directly
[INFO] [stdout]     |
[INFO] [stdout] 388 -   let encoder = image::tga::TgaEncoder::new(f);
[INFO] [stdout] 388 +   let encoder = TgaEncoder::new(f);
[INFO] [stdout]     |
[INFO] [stdout] 
[INFO] [stdout] 
[INFO] [stdout] error[E0308]: mismatched types
[INFO] [stdout]    --> src/unpack.rs:16:5
[INFO] [stdout]     |
[INFO] [stdout] 8   |   fn write_to<W: Write>(&self, mut w: W) -> std::io::Result<()> {
[INFO] [stdout]     |                                             ------------------- expected `std::result::Result<(), std::io::Error>` because of return type
[INFO] [stdout] ...
[INFO] [stdout] 16  |     Ok(())
[INFO] [stdout]     |     ^^^^^^ expected `std::io::Error`, found `anyhow::Error`
[INFO] [stdout]     |
[INFO] [stdout]     = note: `anyhow::Error` and `std::io::Error` have similar names, but are actually distinct types
[INFO] [stdout] note: `anyhow::Error` is defined in crate `anyhow`
[INFO] [stdout]    --> /opt/rustwide/cargo-home/registry/src/index.crates.io-6f17d22bba15001f/anyhow-1.0.71/src/lib.rs:374:1
[INFO] [stdout]     |
[INFO] [stdout] 374 | pub struct Error {
[INFO] [stdout]     | ^^^^^^^^^^^^^^^^
[INFO] [stdout] note: `std::io::Error` is defined in crate `std`
[INFO] [stdout]    --> /rustc/e6e4f7ed1589e03bc2f6c5931c1a72e7947e8682/library/std/src/io/error.rs:67:1
[INFO] [stdout] 
[INFO] [stdout] 
[INFO] [stdout] error[E0308]: mismatched types
[INFO] [stdout]    --> src/unpack.rs:16:5
[INFO] [stdout]     |
[INFO] [stdout] 8   |   fn write_to<W: Write>(&self, mut w: W) -> std::io::Result<()> {
[INFO] [stdout]     |                                             ------------------- expected `std::result::Result<(), std::io::Error>` because of return type
[INFO] [stdout] ...
[INFO] [stdout] 16  |     Ok(())
[INFO] [stdout]     |     ^^^^^^ expected `std::io::Error`, found `anyhow::Error`
[INFO] [stdout]     |
[INFO] [stdout]     = note: `anyhow::Error` and `std::io::Error` have similar names, but are actually distinct types
[INFO] [stdout] note: `anyhow::Error` is defined in crate `anyhow`
[INFO] [stdout]    --> /opt/rustwide/cargo-home/registry/src/index.crates.io-6f17d22bba15001f/anyhow-1.0.71/src/lib.rs:374:1
[INFO] [stdout]     |
[INFO] [stdout] 374 | pub struct Error {
[INFO] [stdout]     | ^^^^^^^^^^^^^^^^
[INFO] [stdout] note: `std::io::Error` is defined in crate `std`
[INFO] [stdout]    --> /rustc/e6e4f7ed1589e03bc2f6c5931c1a72e7947e8682/library/std/src/io/error.rs:67:1
[INFO] [stdout] 
[INFO] [stdout] 
[INFO] [stdout] error[E0107]: function takes 1 generic argument but 2 generic arguments were supplied
[INFO] [stdout]    --> src/lib.rs:196:7
[INFO] [stdout]     |
[INFO] [stdout] 196 |       Ok::<_, Error>((c | (b << 5) | (a << 11), f | (e << 5) | (d << 11)))
[INFO] [stdout]     |       ^^      ----- help: remove this generic argument
[INFO] [stdout]     |       |
[INFO] [stdout]     |       expected 1 generic argument
[INFO] [stdout]     |
[INFO] [stdout] note: function defined here, with 1 generic parameter: `T`
[INFO] [stdout]    --> /opt/rustwide/cargo-home/registry/src/index.crates.io-6f17d22bba15001f/anyhow-1.0.71/src/lib.rs:634:8
[INFO] [stdout]     |
[INFO] [stdout] 634 | pub fn Ok<T>(t: T) -> Result<T> {
[INFO] [stdout]     |        ^^ -
[INFO] [stdout] 
[INFO] [stdout] 
[INFO] [stdout] error[E0107]: function takes 1 generic argument but 2 generic arguments were supplied
[INFO] [stdout]    --> src/lib.rs:212:7
[INFO] [stdout]     |
[INFO] [stdout] 212 |       Ok::<_, Error>((a, b))
[INFO] [stdout]     |       ^^      ----- help: remove this generic argument
[INFO] [stdout]     |       |
[INFO] [stdout]     |       expected 1 generic argument
[INFO] [stdout]     |
[INFO] [stdout] note: function defined here, with 1 generic parameter: `T`
[INFO] [stdout]    --> /opt/rustwide/cargo-home/registry/src/index.crates.io-6f17d22bba15001f/anyhow-1.0.71/src/lib.rs:634:8
[INFO] [stdout]     |
[INFO] [stdout] 634 | pub fn Ok<T>(t: T) -> Result<T> {
[INFO] [stdout]     |        ^^ -
[INFO] [stdout] 
[INFO] [stdout] 
[INFO] [stdout] error[E0107]: function takes 1 generic argument but 2 generic arguments were supplied
[INFO] [stdout]    --> src/lib.rs:243:7
[INFO] [stdout]     |
[INFO] [stdout] 243 |       Ok::<_, Error>(result)
[INFO] [stdout]     |       ^^      ----- help: remove this generic argument
[INFO] [stdout]     |       |
[INFO] [stdout]     |       expected 1 generic argument
[INFO] [stdout]     |
[INFO] [stdout] note: function defined here, with 1 generic parameter: `T`
[INFO] [stdout]    --> /opt/rustwide/cargo-home/registry/src/index.crates.io-6f17d22bba15001f/anyhow-1.0.71/src/lib.rs:634:8
[INFO] [stdout]     |
[INFO] [stdout] 634 | pub fn Ok<T>(t: T) -> Result<T> {
[INFO] [stdout]     |        ^^ -
[INFO] [stdout] 
[INFO] [stdout] 
[INFO] [stdout] error[E0107]: function takes 1 generic argument but 2 generic arguments were supplied
[INFO] [stdout]    --> src/lib.rs:275:7
[INFO] [stdout]     |
[INFO] [stdout] 275 |       Ok::<_, Error>(s)
[INFO] [stdout]     |       ^^      ----- help: remove this generic argument
[INFO] [stdout]     |       |
[INFO] [stdout]     |       expected 1 generic argument
[INFO] [stdout]     |
[INFO] [stdout] note: function defined here, with 1 generic parameter: `T`
[INFO] [stdout]    --> /opt/rustwide/cargo-home/registry/src/index.crates.io-6f17d22bba15001f/anyhow-1.0.71/src/lib.rs:634:8
[INFO] [stdout]     |
[INFO] [stdout] 634 | pub fn Ok<T>(t: T) -> Result<T> {
[INFO] [stdout]     |        ^^ -
[INFO] [stdout] 
[INFO] [stdout] 
[INFO] [stdout] error: aborting due to 5 previous errors
[INFO] [stdout] 
[INFO] [stdout] 
[INFO] [stdout] Some errors have detailed explanations: E0107, E0308.
[INFO] [stdout] 
[INFO] [stdout] For more information about an error, try `rustc --explain E0107`.
[INFO] [stdout] 
[INFO] [stderr] error: could not compile `crnlib` (lib) due to 6 previous errors
[INFO] [stderr] warning: build failed, waiting for other jobs to finish...
[INFO] [stdout] error[E0107]: function takes 1 generic argument but 2 generic arguments were supplied
[INFO] [stdout]    --> src/lib.rs:196:7
[INFO] [stdout]     |
[INFO] [stdout] 196 |       Ok::<_, Error>((c | (b << 5) | (a << 11), f | (e << 5) | (d << 11)))
[INFO] [stdout]     |       ^^      ----- help: remove this generic argument
[INFO] [stdout]     |       |
[INFO] [stdout]     |       expected 1 generic argument
[INFO] [stdout]     |
[INFO] [stdout] note: function defined here, with 1 generic parameter: `T`
[INFO] [stdout]    --> /opt/rustwide/cargo-home/registry/src/index.crates.io-6f17d22bba15001f/anyhow-1.0.71/src/lib.rs:634:8
[INFO] [stdout]     |
[INFO] [stdout] 634 | pub fn Ok<T>(t: T) -> Result<T> {
[INFO] [stdout]     |        ^^ -
[INFO] [stdout] 
[INFO] [stdout] 
[INFO] [stdout] error[E0107]: function takes 1 generic argument but 2 generic arguments were supplied
[INFO] [stdout]    --> src/lib.rs:212:7
[INFO] [stdout]     |
[INFO] [stdout] 212 |       Ok::<_, Error>((a, b))
[INFO] [stdout]     |       ^^      ----- help: remove this generic argument
[INFO] [stdout]     |       |
[INFO] [stdout]     |       expected 1 generic argument
[INFO] [stdout]     |
[INFO] [stdout] note: function defined here, with 1 generic parameter: `T`
[INFO] [stdout]    --> /opt/rustwide/cargo-home/registry/src/index.crates.io-6f17d22bba15001f/anyhow-1.0.71/src/lib.rs:634:8
[INFO] [stdout]     |
[INFO] [stdout] 634 | pub fn Ok<T>(t: T) -> Result<T> {
[INFO] [stdout]     |        ^^ -
[INFO] [stdout] 
[INFO] [stdout] 
[INFO] [stdout] error[E0107]: function takes 1 generic argument but 2 generic arguments were supplied
[INFO] [stdout]    --> src/lib.rs:243:7
[INFO] [stdout]     |
[INFO] [stdout] 243 |       Ok::<_, Error>(result)
[INFO] [stdout]     |       ^^      ----- help: remove this generic argument
[INFO] [stdout]     |       |
[INFO] [stdout]     |       expected 1 generic argument
[INFO] [stdout]     |
[INFO] [stdout] note: function defined here, with 1 generic parameter: `T`
[INFO] [stdout]    --> /opt/rustwide/cargo-home/registry/src/index.crates.io-6f17d22bba15001f/anyhow-1.0.71/src/lib.rs:634:8
[INFO] [stdout]     |
[INFO] [stdout] 634 | pub fn Ok<T>(t: T) -> Result<T> {
[INFO] [stdout]     |        ^^ -
[INFO] [stdout] 
[INFO] [stdout] 
[INFO] [stdout] error[E0107]: function takes 1 generic argument but 2 generic arguments were supplied
[INFO] [stdout]    --> src/lib.rs:275:7
[INFO] [stdout]     |
[INFO] [stdout] 275 |       Ok::<_, Error>(s)
[INFO] [stdout]     |       ^^      ----- help: remove this generic argument
[INFO] [stdout]     |       |
[INFO] [stdout]     |       expected 1 generic argument
[INFO] [stdout]     |
[INFO] [stdout] note: function defined here, with 1 generic parameter: `T`
[INFO] [stdout]    --> /opt/rustwide/cargo-home/registry/src/index.crates.io-6f17d22bba15001f/anyhow-1.0.71/src/lib.rs:634:8
[INFO] [stdout]     |
[INFO] [stdout] 634 | pub fn Ok<T>(t: T) -> Result<T> {
[INFO] [stdout]     |        ^^ -
[INFO] [stdout] 
[INFO] [stdout] 
[INFO] [stdout] warning: unused import: `image::ImageDecoder`
[INFO] [stdout]    --> src/lib.rs:374:7
[INFO] [stdout]     |
[INFO] [stdout] 374 |   use image::ImageDecoder;
[INFO] [stdout]     |       ^^^^^^^^^^^^^^^^^^^
[INFO] [stdout]     |
[INFO] [stdout]     = note: `#[warn(unused_imports)]` on by default
[INFO] [stdout] 
[INFO] [stdout] 
[INFO] [stdout] error: aborting due to 10 previous errors; 1 warning emitted
[INFO] [stdout] 
[INFO] [stdout] 
[INFO] [stdout] Some errors have detailed explanations: E0107, E0308, E0433.
[INFO] [stdout] 
[INFO] [stdout] For more information about an error, try `rustc --explain E0107`.
[INFO] [stdout] 
[INFO] [stderr] error: could not compile `crnlib` (lib test) due to 11 previous errors; 1 warning emitted
[INFO] running `Command { std: "docker" "inspect" "3ad13398f9b19a49ccabaabc5af6d9c56c3d8f50915ca767029baee25e9456ad", kill_on_drop: false }`
[INFO] running `Command { std: "docker" "rm" "-f" "3ad13398f9b19a49ccabaabc5af6d9c56c3d8f50915ca767029baee25e9456ad", kill_on_drop: false }`
[INFO] [stdout] 3ad13398f9b19a49ccabaabc5af6d9c56c3d8f50915ca767029baee25e9456ad
